Let f(r) be the first derivative of r**3/3 - 2*r**2 + 2*r + 772. Calculate f(3).
-1
Let v be 3*(-5 + -1)*(-5 - -4). Suppose -20*i + v*i = 10. Let s(u) = -3 + 0 + 4 + 2*u. Give s(i).
-9
Let t(w) = 3*w + 114. Let y be t(-34). Let k(r) = -y*r**2 - 96*r + 5*r**2 - 7 + 99*r + 5. Calculate k(1).
-6
Suppose 57 = 3*t - 195. Let k be (0 + 45)*(-4)/t*-7. Let n be ((-93)/k + 5)*(-10)/(-4). Let c(o) = 2*o - 1. Determine c(n).
-7
Let k(b) be the first derivative of b**7/840 - b**6/60 + b**4/24 - b**3/3 - 89*b - 93. Let p(l) be the third derivative of k(l). Determine p(4).
-31
Let s(f) = -16*f**2 + 38*f - 25. Let o = 406 - 417. Let d(l) = 3*l**2 - 8*l + 5. Let y(z) = o*d(z) - 2*s(z). What is y(10)?
15
Suppose 79*m - 73*m - 24 = 0. Let x(q) = -4 + 1 - 6*q + m*q - q. Determine x(-11).
30
Suppose 0 = 10*q - 7*q - 9. Let t be (7 - 4) + 1/3*q. Let w(k) = -10*k - t*k + 15*k. Calculate w(0).
0
Let a = -47542 - -47555. Let q(s) = s**2 - 4*s - 21. Calculate q(a).
96
Let v(z) be the second derivative of z**6/120 + 3*z**5/20 - 11*z**4/24 - z**3 + 3*z**2 - 20*z. Let d(a) be the first derivative of v(a). Give d(-10).
4
Let n(c) = c + 3. Let d be n(3). Let p be 5/2*(d + 64/(-40)). Let l = p + -14. Let k(j) = j**3 + j**2 - 3*j. Give k(l).
-9
Let n(i) = i**2 + 6*i - 9. Let b(g) = g**2 + 6*g - 8. Let k(d) = -5*b(d) + 4*n(d). Let y(c) = -172*c + 1198. Let v be y(7). What is k(v)?
4
Let q(k) = -k**3 - 12*k**2 - 24*k + 11. Let r be q(-9). Let v(o) = -o**2 - 13*o + 17. Calculate v(r).
-31
Let i(a) be the second derivative of -a**6/120 + a**5/30 - a**4/24 - a**3/6 - 5*a**2/2 - 69*a. Let r(p) be the first derivative of i(p). Calculate r(2).
-3
Let y = 99 - 308. Let x = -211 - y. Let p(a) = -a**2 - 4*a. Calculate p(x).
4
Let f be 24/14 + 14/49. Let r(n) = 1967*n**2 - 658*n**2 - 2 + 1 - 657*n**2 - 651*n**2. Calculate r(f).
3
Suppose -13*j - 27*j - 320 = 0. Let m(f) be the third derivative of f**5/60 + f**4/3 - f**3 - 10*f**2. Calculate m(j).
-6
Suppose 204*a = 218*a - 1092. Suppose 24*j - 66 - a = 0. Let c(d) = -d**2 + 4*d + 15. What is c(j)?
3
Let j(i) = -27*i - 57. Let c be j(-2). Let z(s) be the third derivative of -s**5/60 - 5*s**4/24 - 2*s**3/3 + 3*s**2. Give z(c).
2
Let x(w) be the second derivative of -11*w**3/6 - 57*w**2/2 - 22*w - 36. Give x(-7).
20
Let j(y) be the third derivative of -1/120*y**6 + 2/15*y**5 + y - 5/24*y**4 + 0 - 1/2*y**3 + 48*y**2. Give j(7).
11
Let u be 2 + (11 - 7) + 1. Let k(b) = -b**3 + u*b**2 + 14*b - 7 - 5 - 13*b + 9. Determine k(7).
4
Let r = -11521 + 11526. Let j(g) = -g**3 + 8*g**2 - 11*g - 5. Calculate j(r).
15
Let i(q) be the third derivative of 2*q**4 + 329*q**3/6 + 2*q**2 + 421*q + 3. What is i(-7)?
-7
Suppose -3*g - 9 = 0, 39 = 4*l + 2*g - 7. Let u be (-14)/7*-2 + l. Let p(r) = -r**2 + 16*r + 22. Determine p(u).
5
Let l(c) be the second derivative of -5*c**4/12 + c**3/2 + c**2 + 136*c. Calculate l(-2).
-24
Let k(a) = 38*a**2 + 3*a**3 - 2293 + 2265 + 4*a**2 - 2*a. Determine k(-14).
0
Let z(r) be the second derivative of r**7/840 + r**6/180 - r**5/40 + r**4/8 + r**3/2 - 4*r**2 + r. Let f(d) be the second derivative of z(d). Determine f(2).
13
Let o(z) = -z. Suppose 5*b - 8*b - 1 = -h, -2*b = -4*h + 14. Let d(y) = -y**2 - 3*y - 3. Let x(r) = h*o(r) - d(r). Let t = -3 + 6. Give x(t).
9
Let d(g) = -3*g**3 + 39*g**2 - 2*g + 28. Suppose -110*c + 845 = -45*c. Determine d(c).
2
Let a(m) = 36*m - 292. Let r be a(11). Suppose r - 158 = -6*d. Let v(j) = -j**2 + 12*j + 3. Determine v(d).
30
Let s(w) = w**3 - 6*w**2 - 5*w + 9. Let a be ((-6)/1 + -91)*-1. Let u = a + -91. What is s(u)?
-21
Let b(r) be the first derivative of -r**3/3 - r**2 - 3*r + 580. Give b(0).
-3
Let u = 592 + -590. Let h(z) = -u*z**2 - 2535*z + 7 + 2 + 3*z**2 + 2534*z + z**3. Suppose -4*s + 25 = -5*x, -x + 3*x + 10 = -2*s. What is h(s)?
9
Let r(k) = -8*k**3 - 13*k**2 - 5*k + 34. Let o(y) = 7*y**3 + 11*y**2 + 3*y - 30. Let g(c) = -7*o(c) - 6*r(c). Give g(-3).
15
Let w be (8/32)/((-2)/1616*-2). Let j(b) = 48*b**3 - w*b**3 + 52*b**3 - 1 + 3 - 3*b + 4*b**2. Suppose -2*i = 3*l + 10 - 31, 5*i + l - 20 = 0. What is j(i)?
2
Let i(z) = -4*z + 115. Suppose -2133 = -254*j + 175*j. Give i(j).
7
Suppose 141*y = -4*y - 1160. Let f(p) = 10*p - 7. What is f(y)?
-87
Let c(i) = i**3 + 20*i**2 + 93*i + 152. Let y be c(-14). Let t(w) = -6*w + 157. Give t(y).
1
Let b(x) = x + 3. Let w(q) = -5*q + 79 + 4*q - q + 0*q - 86. Let a(m) = 3*b(m) + w(m). Calculate a(2).
4
Let c(l) be the second derivative of -l**5/20 - l**4/2 + l**3/3 + 4*l**2 + 1326*l. Give c(-6).
-4
Let u(f) = -f**3 + 9*f**2 - 6*f + 2. Let t(q) = -q**3 - 5*q**2 - 8*q - 7. Let s(w) = -w. Let g(k) = -5*s(k) + t(k). Let j be g(-5). Give u(j).
18
Let y(k) be the second derivative of k**6/120 - k**5/24 + 43*k**4/12 - k**2/2 - 7*k - 8. Let v(w) be the third derivative of y(w). Calculate v(-5).
-35
Suppose 6*o - 4*o + 2*o + 100 = 0. Let g(q) = q + 14. Determine g(o).
-11
Let b = -252 - -252. Let u(n) be the third derivative of -1/6*n**4 + 1/6*n**3 + 11*n**2 + b + 0*n. Determine u(1).
-3
Let x(h) = -h**3 + h. Let v = -20 - -29. Suppose -3*q = k + v, -2*q + 3*k = -3*q - 11. Calculate x(q).
6
Let n(r) be the third derivative of r**5/30 - r**4/24 + 2*r**3/3 + r**2 - 681*r - 1. Suppose t + q = 2*t + 7, -t - 5*q + 17 = 0. What is n(t)?
25
Let q(n) = -8*n**2 - n - 2. Let d = -490 - -493. Suppose d*w - 3*r = -5*r - 8, 3*w - 4*r = -2. Calculate q(w).
-32
Let g = 10622 + -10625. Let t(a) = 3*a**2 + 11*a + 6. Give t(g).
0
Let s(n) = -6*n - 12. Let g(j) = -11*j - 21. Let i(u) = -3*g(u) + 5*s(u). Suppose 0 = 3*d + 5 + 4. Calculate i(d).
-6
Suppose 5*n = -4*t + 27, 5*t - 9 - 12 = -2*n. Let y(q) = n + q + 3 - 3 + 0. Determine y(-2).
1
Let k(n) be the first derivative of n**3/3 + n**2/2 + 2*n + 376. Let l be 15/6 - 6/(-4). Suppose 0 = -f - l*f - 10. Determine k(f).
4
Let p(d) be the first derivative of d**4/4 + 2*d**3 - 19*d**2/2 - 19*d - 6. Let a be p(-8). Let r(q) = q**3 - 4*q**2 - 3*q + 3. Calculate r(a).
13
Let v(m) be the first derivative of 2*m**3/3 - 5*m**2/2 - 3*m - 2. Suppose -5*j + 1013 = -4*q + 274, 4*j + 2*q = 612. Let u = j - 147. What is v(u)?
9
Let l be (-1 + -2 - -4)*(3 + 2). Let s be l/8 + 33/88. Let t(q) = q**3 - q**2 - q. What is t(s)?
-1
Let p(k) = -63*k - 2. Suppose 0 = -7*a + a + 6 - 0. Calculate p(a).
-65
Suppose 9*a + 39 = 264. Let t(q) = 6*q**2 - 14*q + 46*q + 3*q**3 - 1 - a*q - 4*q**3. What is t(7)?
-1
Let z(v) = -11*v**3 - 9*v**2 - 14*v**3 - 7 + 23*v + 7*v**2 - 8*v**2 + 26*v**3. Determine z(7).
7
Let s = -32 - -23. Let w be s*((-1)/(-1) - 2). Let f(u) = -u + 137. Let t(j) = 5*j - 550. Let z(p) = -4*f(p) - t(p). Give z(w).
-7
Let b(m) = m**2 + 56*m - 55. Let g = -333 + 276. Let i be b(g). Let a(v) = 4*v**3 + v**2 + v + 2. What is a(i)?
40
Let i = -54 - -458. Suppose -i*g + 406*g = -16. Let r(q) = -q**2 - 9*q - 9. Calculate r(g).
-1
Let h(f) be the third derivative of -f**6/120 + f**5/60 + f**4/8 - f**3/6 - 2*f**2. Let t(l) = l**2 - 107*l - 1296. Let c be t(118). Give h(c).
1
Let y(k) = 4*k**2 - 7*k + 12. Let n be y(-4). Suppose -4 = -105*c + n*c. Let v(b) = b - b**3 + 2*b**2 + 6*b - 6 + 1. Give v(c).
-9
Let f(o) = 22*o**3 + 8*o**2 + 8*o + 13. Let p(a) = 31*a**3 + 12*a**2 + 11*a + 19. Let l(k) = -7*f(k) + 5*p(k). Give l(-6).
-62
Let f(l) be the first derivative of -l**4/4 - 13*l**3/3 - 13*l**2/2 - 18*l - 4135. Calculate f(-12).
-6
Suppose 15 = m - 6*m. Let d(v) = 2*v + 3. Let c be d(m). Let s(x) = -276*x + 136*x + 145*x - x**2 - 3*x**3 + 2*x**3 + 3. Give s(c).
6
Let z(j) = -5*j**3 - 9*j**2 + 12*j + 43. Let l be (-3)/(-6)*-1 + (-68)/(-8). Let w(f) = -3*f**3 - 6*f**2 + 8*f + 27. Let h(i) = l*w(i) - 5*z(i). Calculate h(3).
13
Let h(i) = 4*i - 6*i + i. Let k(j) = -j**2 + 10*j - 6. Let z(n) = -4*h(n) - k(n). Suppose 0 = -249*r - 242*r + 494*r - 15. What is z(r)?
1
Let k(t) be the first derivative of -9*t**2 + 4*t + 747. Determine k(3).
-50
Let m(n) = 5. Let y(f) = 2*f - 51. Let v(d) = 6*m(d) + y(d). Let u = -1232 + 1243. What is v(u)?
1
Let t = -4599 + 4597. Let s(b) = -3*b**2 + b + 5. What is s(t)?
-9
Let w(v) = -15*v. Let j(x) = 12*x + 1. Let f(g) = -4*j(g) - 3*w(g). Suppose 4*t + 2*n = t - 10, -2*t - 2*n = 4. Give f(t).
14
Let a(n) be the first derivative of n**5/20 + n**4/2 + n**3/6 + 7*n**2/2 - 16*n + 212. Let q(i) be the first derivative